ivided by 305?
35
What is the remainder when 23973940 is divided by 6497?
10
Calculate the remainder when 8783476 is divided by 5895.
5821
Calculate the remainder when 71981 is divided by 22.
19
What is the remainder when 7711601 is divided by 1927899?
5
Calculate the remainder when 113855 is divided by 132.
71
Calculate the remainder when 9334739 is divided by 9334729.
10
Calculate the remainder when 11299888 is divided by 6750.
388
Calculate the remainder when 614872 is divided by 153.
118
What is the remainder when 3793085 is divided by 70?
65
What is the remainder when 284221 is divided by 307?
246
Calculate the remainder when 466261 is divided by 74.
61
Calculate the remainder when 10509167 is divided by 11.
9
What is the remainder when 5884698 is divided by 2942343?
12
Calculate the remainder when 3378366 is divided by 18665.
1
What is the remainder when 2170557 is divided by 136?
133
Calculate the remainder when 127593 is divided by 197.
134
What is the remainder when 10676099 is divided by 1525157?
0
What is the remainder when 675789 is divided by 142?
11
Calculate the remainder when 1080324980 is divided by 5918.
5916
What is the remainder when 157931 is divided by 4632?
443
Calculate the remainder when 1713362 is divided by 1523.
1510
Calculate the remainder when 3352208 is divided by 3352146.
62
Calculate the remainder when 12076331 is divided by 2012720.
11
What is the remainder when 30812 is divided by 498?
434
Calculate the remainder when 6512975 is divided by 3256158.
659
What is the remainder when 85046613 is divided by 72?
69
What is the remainder when 1517983 is divided by 52?
51
Calculate the remainder when 28658 is divided by 2251.
1646
What is the remainder when 175616792 is divided by 415?
412
What is the remainder when 583736 is divided by 542?
2
Calculate the remainder when 16844815 is divided by 33.
31
Calculate the remainder when 2271707 is divided by 6.
5
Calculate the remainder when 117733 is divided by 1359.
859
What is the remainder when 10337330 is divided by 177?
176
What is the remainder when 1743903 is divided by 40?
23
What is the remainder when 1099522 is divided by 64676?
30
What is the remainder when 16356858 is divided by 256?
250
What is the remainder when 1766320 is divided by 588770?
10
What is the remainder when 692573 is divided by 1833?
1532
Calculate the remainder when 665827 is divided by 2858.
2771
Calculate the remainder when 49058 is divided by 1623.
368
What is the remainder when 1002668 is divided by 250665?
8
Calculate the remainder when 40587 is divided by 9576.
2283
Calculate the remainder when 4702848 is divided by 72.
24
What is the remainder when 3697257 is divided by 120?
57
What is the remainder when 2228184 is divided by 2603?
16
What is the remainder when 709515 is divided by 13622?
1171
What is the remainder when 1077255 is divided by 34750?
5
What is the remainder when 307408 is divided by 51225?
58
What is the remainder when 3478746 is divided by 84846?
60
What is the remainder when 160292950 is divided by 317?
315
Calculate the remainder when 1153622 is divided by 164792.
78
What is the remainder when 31796 is divided by 15300?
1196
What is the remainder when 5507673 is divided by 393405?
3
Calculate the remainder when 3702127 is divided by 108886.
3
What is the remainder when 883262 is divided by 682?
72
What is the remainder when 684462995 is divided by 10572?
10571
What is the remainder when 29119324 is divided by 9706438?
10
Calculate the remainder when 5915833 is divided by 79.
76
What is the remainder when 1449386 is divided by 65?
16
What is the remainder when 261974399 is divided by 12?
11
Calculate the remainder when 26061953 is divided by 45168.
17
What is the remainder when 269603 is divided by 20734?
61
Calculate the remainder when 7110967 is divided by 38.
27
Calculate the remainder when 281074663 is divided by 176.
23
Calculate the remainder when 19712778 is divided by 178.
168
What is the remainder when 168398 is divided by 627?
362
What is the remainder when 77094 is divided by 2334?
72
Calculate the remainder when 35262 is divided by 2025.
837
What is the remainder when 18399544 is divided by 521?
429
What is the remainder when 22633 is divided by 1343?
1145
What is the remainder when 767067 is divided by 122?
53
What is the remainder when 570358319 is divided by 844?
843
What is the remainder when 178671 is divided by 22242?
735
Calculate the remainder when 2526966 is divided by 842307.
45
Calculate the remainder when 975263 is divided by 16253.
83
What is the remainder when 55368 is divided by 1576?
208
What is the remainder when 506373 is divided by 4443?
4314
What is the remainder when 5289149 is divided by 12?
5
Calculate the remainder when 1007047 is divided by 329.
307
What is the remainder when 234861 is divided by 699?
696
What is the remainder when 152014 is divided by 2621?
2617
What is the remainder when 3012480 is divided by 31?
24
Calculate the remainder when 8957122 is divided by 69435.
7
Calculate the remainder when 793055 is divided by 173.
23
Calculate the remainder when 213157790 is divided by 71052596.
2
Calculate the remainder when 705801 is divided by 176449.
5
Calculate the remainder when 2079489 is divided by 14243.
11
What is the remainder when 407976 is divided by 3022?
6
Calculate the remainder when 9281468 is divided by 110.
108
Calculate the remainder when 4082394 is divided by 12.
6
Calculate the remainder when 2005412 is divided by 65.
32
Calculate the remainder when 442531 is divided by 19.
2
Calculate the remainder when 3278752 is divided by 114.
112
Calculate the remainder when 60074 is divided by 758.
192
Calculate the remainder when 47833589 is divided by 4388.
1
What is the remainder when 38998 is divided by 925?
148
Calculate the remainder when 12660 is divided by 5534.
1592
Calculate the remainder when 35074677 is divided by 8.
5
What is the remainder when 6220329 is divided by 7301?
7178
What is the remainder when 48982737 is divided by 50602?
1
What is the remainder when 10953407 is divided by 534?
533
What is the remainder when 5350508 is divided by 158?
154
What is the remainder when 377258 is divided by 7116?
110
What is the remainder when 434521 is divided by 2441?
23
What is the remainder when 166882 is divided by 166848?
34
Calculate the remainder when 69501 is divided by 10442.
6849
Calculate the remainder when 2020394 is divided by 2020359.
35
What is the remainder when 5382889 is divided by 4296?
1
What is the remainder when 196337 is divided by 3165?
107
What is the remainder when 30975 is divided by 4400?
175
Calculate the remainder when 505918271 is divided by 12.
11
Calculate the remainder when 456255 is divided by 152036.
147
Calculate the remainder when 406640 is divided by 1444.
876
Calculate the remainder when 66436 is divided by 19308.
8512
Calculate the remainder when 54877052 is divided by 39.
35
Calculate the remainder when 2305095 is divided by 6439.
6372
Calculate the remainder when 134211 is divided by 188.
167
What is the remainder when 25102359 is divided by 1022?
1017
What is the remainder when 718317 is divided by 239407?
96
What is the remainder when 551925 is divided by 1311?
1305
Calculate the remainder when 303160943 is divided by 139.
136
What is the remainder when 6125255 is divided by 97?
93
What is the remainder when 91947 is divided by 1177?
141
Calculate the remainder when 69937 is divided by 23236.
229
Calculate the remainder when 2436298 is divided by 8148.
46
What is the remainder when 20533739 is divided by 12?
11
What is the remainder when 3241761 is divided by 999?
6
What is the remainder when 593957 is divided by 148481?
33
Calculate the remainder when 169645 is divided by 18827.
202
Calculate the remainder when 172871 is divided by 57501.
368
Calculate the remainder when 4319728 is divided by 100458.
34
What is the remainder when 23283473 is divided by 165?
158
Calculate the remainder when 393596403 is divided by 14.
11
Calculate the remainder when 346971 is divided by 969.
69
Calculate the remainder when 777406 is divided by 26807.
3
Calculate the remainder when 1009653027 is divided by 43.
41
What is the remainder when 1898072 is divided by 25646?
268
What is the remain